Let f(k) = -41*k**2 - 6*k + 5. Let z(r) = -b(r) + f(r). Let d be z(1). What are the prime factors of (-18 - d)/((-1)/(-6))?
2, 3
Let z(b) = -3*b - 70. Let y be z(-25). Suppose 4*n = -4*v - 4, -n + y = -7*v + 6*v. What are the prime factors of n?
2
Let d be (2 - (-4 - 3)) + -8. List the prime factors of 50 + -49 + d + 39.
41
Let f(w) = -5*w**2 + 7*w + 18. Let r be f(-6). Let d be 4/34 + 24/r. List the prime factors of d + 1180/24 + 1/(-6).
7
Let m be (-6 - -3) + (3 - -4). Let p(u) = 21*u**2 - 28*u - 5. What are the prime factors of p(m)?
3, 73
Let o = 102212 + -61397. List the prime factors of o.
3, 5, 907
Suppose 6*w - 1464 = -2*w. Let x = 521 - w. List the prime factors of x.
2, 13
Let g = 5759 + 15092. List the prime factors of g.
29, 719
Let m(r) = r**3 + 3*r**2 - r + 14. Let f be m(-4). Let g(i) = 87*i**3 - 47 + 49 + 4*i**f - 2*i**2 - 4*i. What are the prime factors of g(1)?
3, 29
Let m(p) = 3*p**3 - 4*p - 4. Let l be m(-2). Let c be l/(117/306 - (-1)/(-2)). Suppose -d + 35 = -c. List the prime factors of d.
5, 41
Let b(d) = -65*d + 11. Let o(t) = t**3 + 6*t**2 + 3*t + 1. Let p be o(-6). Let f(x) = -196*x + 32. Let c(q) = p*b(q) + 6*f(q). List the prime factors of c(-1).
2, 19
Suppose -f + 85 = 2*n + 4*f, -n - 2*f = -40. Let m be (-646)/(-5) - -3*(-2)/n. Let h = 293 - m. What are the prime factors of h?
2, 41
List the prime factors of (-6997)/2*62/(-28 + -3).
6997
What are the prime factors of -1 + 28560 - (-108)/9?
28571
Suppose 6*q + 12 = 0, 2*l + 8*q - 4*q - 17980 = 0. List the prime factors of l.
2, 3, 1499
Let h = -1 + 2. Let w be 1 - (5 + -8 - 913/h). Suppose -r + 8*r = w. List the prime factors of r.
131
Let n = -38624 + 44335. What are the prime factors of n?
5711
Let o(y) = 17*y**2 + 68*y - 2449. What are the prime factors of o(46)?
3, 19, 643
Suppose -14*f + 3*v + 114 = -9*f, 0 = 4*f - v - 94. Suppose f*o - 271 - 7985 = 0. What are the prime factors of o?
2, 43
Let l = -548 + 772. Let a(q) = -22*q + 3. Let c be a(-6). Let r = l - c. List the prime factors of r.
89
Suppose 0 = -5*b - 2*w + 14, 0*b = b + w - 1. Suppose -2*y + 5*l = -566, -b*l + 743 = 4*y - 445. List the prime factors of y.
293
Let i(d) = 49*d**2 + 60*d + 92. List the prime factors of i(-16).
2, 3, 7, 139
Let u = -2542 - -5202. What are the prime factors of u?
2, 5, 7, 19
Let t = 11 - 4. Suppose -13*k = -t*k + 18. List the prime factors of -1*k/(-7) + (-2826)/(-126).
2, 11
Suppose 0*z = 11*z - 33. Suppose -1130 = -2*h + 5*t, 0*h + 4*h = -z*t + 2234. List the prime factors of h.
2, 5, 7
List the prime factors of ((-2)/4*2)/((-130)/7670).
59
Suppose -18 = -z + 5*s, -2*s - 21 = 4*z - 9*z. Suppose -5*y - 241 = -z*h + 160, 623 = 5*h + 3*y. List the prime factors of h.
127
List the prime factors of 4*(1192446/(-12))/(-31).
2, 3, 2137
Suppose -11*z + 5*z = 6276. Let j = z - -1539. What are the prime factors of j?
17, 29
Suppose 0 = 5*u - 3*u + 5*g - 76168, 114213 = 3*u + g. List the prime factors of u.
38069
Let r(z) = z**3 - 20*z**2 + 62*z + 35. Let h be r(16). Suppose 0 = -h*q + 9*q - 2178. What are the prime factors of q?
3, 11
Suppose 2*g + 204 = 4*f + 28, -2*g = 4. Let x = 43 - f. Suppose -160 = -x*s - s. What are the prime factors of s?
2, 5
Let w(m) = m**3 - 5*m**2 - 16*m + 1. Let y be w(8). Suppose 0 = -t + 339 + y. Suppose 5*z - 3*z - t = 0. What are the prime factors of z?
2, 101
Let c = 72 - 70. Let f(m) be the third derivative of 15*m**4/8 + m**3/6 + 2*m**2. What are the prime factors of f(c)?
7, 13
Let h(p) = 9*p**3 + 18*p**2 + 10*p - 31. Let a(k) = -20*k**3 - 37*k**2 - 20*k + 63. Let r(u) = 4*a(u) + 9*h(u). List the prime factors of r(-8).
277
Suppose -2*d + 3*o - 27 = -6*d, 0 = -3*d + 4*o + 14. Suppose d*z + 2952 = 9*z. List the prime factors of z.
2, 3, 41
Suppose 10 - 10 = -7*a. Suppose -v - 4*h + 759 = a, -3*h = 5*v - 5575 + 1729. List the prime factors of v.
3, 257
Let x be 1326/153 - (-2)/6. Suppose -3*k + 0*k = x, 3*k = -4*r + 3915. List the prime factors of r.
3, 109
Let f = 9911 + -67. List the prime factors of f.
2, 23, 107
Let m(k) = k**3 - 4*k. Let t be m(5). Let c be -1*27*(-2 - -1)/3. Suppose -c*i = -10*i + t. What are the prime factors of i?
3, 5, 7
Let z(m) = -43*m - 252. Let w be z(-10). Suppose w*q - 174*q = 6980. List the prime factors of q.
5, 349
Let p(q) = 2355*q - 1251. List the prime factors of p(1).
2, 3, 23
Suppose 4*a - 6*p = -p + 208978, 3*a - p = 156750. What are the prime factors of a?
2, 13063
Let v(l) = l**3 + 2*l**2 - 3*l - 8. Let w be v(-2). List the prime factors of (w - -3) + (3 - (-588 + -1)).
593
Suppose 2*y + 111 = 11. Let h be ((-3)/1)/((-5)/(y/(-6))). Suppose 5*b - 6*b + 119 = h*p, 2*p = 5*b - 595. List the prime factors of b.
7, 17
List the prime factors of 32597 + 20/(24/8 + -1).
3, 3623
Suppose 19*p = 27*p - 29928. Let t = -2286 + p. List the prime factors of t.
3, 5, 97
Let c = -993 - -995. Suppose b + d - 1505 = 0, 5*d - 3009 = -c*b + 2*d. What are the prime factors of b?
2, 3, 251
Let r = -296 - -173. List the prime factors of (r/2)/((-12)/16).
2, 41
Suppose 80899 = 5*c - 2*r, 847*c - 850*c + 2*r + 48541 = 0. List the prime factors of c.
3, 5393
Let h = -119 + -96. Let z = 364 + h. What are the prime factors of z?
149
Suppose 6*y = 5*y - 3*h + 133, -h = y - 131. Let g = 128 + y. List the prime factors of g.
2, 3, 43
Suppose -q = -6*q + 35. Suppose 4*x = 4*b - 40, -2*b - q = 5*x + 8. Suppose 3*i + 192 = h, b*h - 133 = 3*i + 863. List the prime factors of h.
3, 67
Let l(y) = 6*y - 5. Let p(u) = u**2 - 7*u + 4. Let t(a) = 4*l(a) + 3*p(a). Let r be t(5). Let q = 206 - r. List the prime factors of q.
2, 31
Let q = -51 + 45. Let a(j) = 19*j**2 - 2*j - 35. List the prime factors of a(q).
661
Let a(i) = -59*i**3 + 6*i**2 + 3*i + 26. What are the prime factors of a(-6)?
2, 1621
Let m = 22116 + 19094. What are the prime factors of m?
2, 5, 13, 317
Let l(f) = f**2 + 3*f - 14. Let s be l(-10). Let u = 139 + s. What are the prime factors of u?
3, 5, 13
Let t = 127 + -131. What are the prime factors of 1*(389 + t + 7 + -2)?
2, 3, 5, 13
Suppose -76 + 4 = -2*z. Suppose z = 7*x - 55. Suppose x*g - 170 = 3*g. List the prime factors of g.
17
Suppose 0 = -2*n - 2*f - 2, 5*n + 14 = 4*f - 6*f. Let p(t) = -82*t + 17. What are the prime factors of p(n)?
3, 5, 23
Let p(q) = -48*q - 103. Let v be p(-9). Let o = v - -206. List the prime factors of o.
5, 107
Suppose 0 = -371*c + 9466233 + 3179744 - 1174286. What are the prime factors of c?
3, 11, 937
Suppose -5*r + r - 4*f = -52, -16 = -2*r + 3*f. Suppose r = 6*i - 1. Suppose 5*g - 25 = -0*g, i*s - 4*g = 172. What are the prime factors of s?
2, 3
Let y = 16700 - 9426. What are the prime factors of y?
2, 3637
Let m = -605 - -361. Let q = -94 - m. List the prime factors of q.
2, 3, 5
Suppose -194*u = -192*u. Suppose -4*j + 4757 - 889 = u. What are the prime factors of j?
967
Suppose -36434 = -5*b - v + 8265, -v = -8*b + 71508. What are the prime factors of b?
7, 1277
Let t(r) = 14*r - 39. Suppose -4*m + m + 93 = 0. Let p = 40 - m. What are the prime factors of t(p)?
3, 29
Let y = 17584 + -10719. What are the prime factors of y?
5, 1373
Suppose -468 = -6*x + 300. What are the prime factors of (-6)/(-4)*(x + -10)?
3, 59
Let c be (-3)/((-3)/(-2284)) + 2/(-2). Let k = -1599 - c. What are the prime factors of k?
2, 7
Suppose 0 = -1179*d + 1191*d - 7692. What are the prime factors of d?
641
Let s = 3044 + -1600. List the prime factors of s.
2, 19
Suppose 81*t = 4*n + 75*t - 78278, 4*n + 5*t - 78267 = 0. List the prime factors of n.
2, 1223
Suppose 0 = 5*m - 25*m + 160. Let g = 258 + -66. Suppose -m*t + g = -6*t. List the prime factors of t.
2, 3
Let y = 2 + -14. Let m(f) = 247*f - 11. Let p(w) = -33*w - 1. Let r(s) = -m(s) - 7*p(s). What are the prime factors of r(y)?
2, 3, 5, 7
Let i be ((-1)/(-2))/((-2)/(-836)). Let u = 171 - 285. Let c = u + i. What are the prime factors of c?
5, 19
Suppose o - 17 = 4*z - 9*z, -5*o + 22 = 4*z. Let q(v) = 8*v + 10 + 5*v - 28*v + 7*v + 16*v**2. What are the prime factors of q(z)?
2, 5, 13
Let k(a) = -46*a**2 + 3*a + 12. Let w be k(-3). Let h = w + 261. Let c = -92 - h. What are the prime factors of c?
2, 29
Let l(u) be the second derivative of u**4/6 + 5*u**3/3 + 91*u**2/2 - 5*u - 17. List the prime factors of l(-18).
13, 43
Let c = -63 - -65. Let k be 9 + (c